late g(u).
3
Let v(f) be the second derivative of -f**5/20 - f**4/12 + f**3/2 + f**2/2 - 954*f. What is v(-4)?
37
Let i be ((6*-132 - 4)/(-2))/(-2). Let k = 204 + i. Let b(m) = -m**3 + 4*m**2 + 2*m + 5. Calculate b(k).
-10
Suppose 20*q - 21*q + 2205 = 3*o, -2941 = -4*o - q. Let c = o + -748. Let g(n) = n + 8. Calculate g(c).
-4
Let t(n) = n - 1. Let z(w) = 3*w**2 + 12*w + 103. Let m be z(-7). Suppose -183*p - 102 = -m*p. Give t(p).
-7
Let u(h) = 255*h + 25. Let p(f) = -73*f - 8. Let c(k) = -7*p(k) - 2*u(k). Let z be 1 - 3/(3/(-2)). Suppose 3*t = z*x - 9, 2*t = 3*x + x - 2. Calculate c(t).
1
Let c(i) be the second derivative of 2*i**3/3 - i**2/2 + 2936*i. Give c(-3).
-13
Let y be (-12)/(-50)*-5*5. Let u = y - -8. Let j(p) = 3*p**3 - p**2 - 3*p + 1. What is j(u)?
15
Let o be 6/9 + 0 + (-440)/(-6). Let p(w) = -4*w + o + 2*w - 93. Let g(x) = -x - 9. Let v(h) = 5*g(h) - 2*p(h). Determine v(5).
-12
Let i(a) be the third derivative of a**6/24 + a**5/20 - 5*a**4/24 + 2*a**3/3 + 3903*a**2. Determine i(2).
46
Suppose -y + 4*u + 16 = 0, -y - 2*u - 2*u = 8. Let p(r) = -r**3 + 3*r**2 + r. Let l be p(3). Let f(m) = 4*m**2 + 4 + 2*m + 0*m - m**l - 4*m. Calculate f(y).
-4
Suppose 0 = 5*q - 6 - 169. Let r(w) = -w**3 + 34*w**2 + 37*w - 58. Let m be r(q). Let o(t) = -t**2 + 12*t - 5. What is o(m)?
-5
Let f(t) = -t**2 - 3. Let n be (5 - -3)*3/6*1. Let j be n + ((-12)/20 - 2/5). Suppose 0 = -5*m + j*q - 30, -2*m - 4*q + 2*q + 4 = 0. Determine f(m).
-12
Let g(u) = -u**3 - 11*u**2 - 4*u + 60. Let j be g(-10). Let y(k) = k**2 + 3*k - 33. Determine y(j).
-33
Let p(i) = -11*i - 3. Let d(b) = 32*b + 8. Let h be 8/3*(-27)/(-12). Suppose -55 = j - h*j. Let v(m) = j*p(m) + 4*d(m). Give v(2).
13
Let b(v) be the third derivative of -35*v**4/24 - 235*v**3/6 - 939*v**2 - 2*v. Calculate b(-6).
-25
Suppose -2*p = -16*c + 22*c + 22, c + 5 = p. Let z(h) = -9*h - 27. Give z(c).
9
Let d(q) = -4*q**2 + 22*q + 19. Let s(m) = m**2 + m - 18. Let c(y) = -d(y) - 2*s(y). What is c(12)?
17
Let s(v) = 7*v**2 + 11*v + 15. Suppose -47*h = -37*h + 50. Let q(y) = 9*y**2 + 12*y + 16. Let a(x) = h*s(x) + 4*q(x). Give a(9).
7
Let p(d) be the third derivative of -d**6/120 - 3*d**5/4 + 23*d**4/12 - d**3/2 - 2796*d**2. What is p(-46)?
-3
Let b(n) = -3*n - 55. Let x(u) = -131*u + 1558. Let z be x(12). Give b(z).
-13
Suppose -2 - 14 = 4*s. Let z(b) be the first derivative of b**4/4 + 5*b**3/3 + 3*b**2/2 - 2*b + 154. Determine z(s).
2
Suppose -863 + 923 = 4*a - 3*i, -75 = -5*a + 5*i. Let j(w) = w**2 - 16*w - 9. What is j(a)?
-24
Let j(x) = -6*x**2 - 2*x - 2. Let a be (-1)/(-6) + (-133)/114. Let n(g) = -1. Let y = -3 + 4. Let l(u) = a*n(u) + y*j(u). Calculate l(-2).
-21
Let k(f) = -3*f**3 + 2*f. Let z(n) = n**3 - n**2 - n - 1. Let d(v) = -k(v) - 2*z(v). Suppose 0 = 4*l + b + 11 - 1, -5*l - 2*b - 11 = 0. Calculate d(l).
-7
Suppose -63*q + 3*g = -61*q + 15, -5*q + 3 = 6*g. Let k(b) = b**3 + b**2 - 6*b + 7. Determine k(q).
7
Let h(c) = -c**2 + 40*c + 11 + 9 + 15 - 34 - 31*c. Determine h(6).
19
Let w be (39 - 0) + 0/(-2). Let k be 10/15*(-444)/(-8). Let x = w - k. Let o(u) = -u**3 + 4*u**2 - 2*u + 2. Give o(x).
6
Suppose -14*t + 4*q - 50 = -17*t, -4*q + 30 = t. Let k(c) = 1. Let z(g) = g. Let o(h) = -k(h) + z(h). Determine o(t).
9
Suppose -4 = -4*k, -226*d + 224*d + 3*k + 11 = 0. Let i(b) = -b**2 - b + 59. What is i(d)?
3
Let j(a) = -14*a + 4. Let v(k) = 10*k + 7. Let u(p) = 4*p + 3. Let z(n) = 7*u(n) - 3*v(n). Let w(q) = -j(q) + 6*z(q). Calculate w(-3).
-10
Suppose -2*y = -2*s - 22, -y + 25 = 4*y. Let g(f) = -6*f + 8*f**2 - 11*f**2 + 5 + 2*f**2 + 0*f**2. Let k be g(s). Let x(i) = i + 2. Determine x(k).
7
Let d(s) = -3*s + 41. Suppose -4460*c = -4461*c + 13. What is d(c)?
2
Let m(s) = 412*s - 24. Let k(u) = -514*u + 24. Let b(j) = 4*k(j) + 5*m(j). Calculate b(5).
-4
Let k(z) = 2*z + 10. Let s be k(-6). Let y be ((0 - -1) + s)*-4. Let p(x) = 5*x + x**2 + x - y*x**3 + 0*x - 5*x. Calculate p(-1).
4
Let r be (1 - 23/5)/(33/110). Let n be 49/4 + ((-63)/r)/7. Let b(d) = d - 19. Let v be b(n). Let i(m) = -m**3 - 7*m**2 - 6*m - 5. What is i(v)?
-5
Let j = -15 + 21. Let g be 9 + (2/j)/((-5)/(-30)). Let i(y) = g*y**2 - 4*y - 3*y**2 - 7*y**2 + 2. What is i(6)?
14
Let q(v) = v**3 - 2*v**2 - 3*v + 4. Suppose 54 = 5*j - z, 2*j + 4 - 24 = 2*z. Let a = j - -17. Let l = a - 25. Calculate q(l).
4
Let p(j) = j**3 + 5*j**2 + 3*j - 1. Let h be 4*((-3)/(-9))/(8/48). Suppose -2*f = 4*n + 18, 2*f - 4 = 2*n + h. What is p(n)?
-16
Let t(z) = z**3 - 5*z**2 + 2*z + 3. Let n be 1/((-27)/(-408) - 6/48). Let o = -12 - n. Determine t(o).
13
Suppose -x + 37 - 1 = 4*d, 29 = x + 3*d. Let o(r) = r**3 - 8*r**2 - 3*r + 2. Determine o(x).
-22
Let l(m) = -13*m**2 + 9*m - 10. Let a(r) = 24*r**2 - 17*r + 19. Let f(p) = -3*a(p) - 5*l(p). What is f(2)?
-23
Let q(g) = -g**2 - 2*g - 3. Let h(x) = x**3 - 5*x**2 + 2*x + 3. Suppose 0 = 3*i + 3*i - 8*i. Let l be h(i). Calculate q(l).
-18
Suppose -5*s + 631 - 226 = 0. Let k = -76 + s. Let l(v) = 13*v + k + 14*v - 26*v. What is l(0)?
5
Let u(r) = 8*r - 5*r + 9 - 6. Let i = 447 + -450. Give u(i).
-6
Let z(d) = d**3 + 7*d**2 + 14*d + 8. Suppose 4*a + 8 = -4*o, -38*o - 6 = -41*o. Calculate z(a).
0
Let w(r) = 2 + 0 + 4 + 12 - 12 - 2*r. Suppose 5*s = 3*u - 27 + 6, 3*u - 4*s - 21 = 0. Calculate w(u).
-8
Let y(i) = -7*i - 5 - 1 - i**3 + 5*i**3 + 3*i**2 + 0 - 3*i**3. What is y(-4)?
6
Suppose 44*z - 3*q + 7 = 43*z, -z + 2*q = 8. Let a(s) = 16*s + 174. Determine a(z).
14
Let u = 4453 - 4444. Let n(f) be the first derivative of -u + 1/2*f**2 - f. Determine n(-8).
-9
Let g(k) = -13*k**2 + 15*k + 40. Let d(f) = 3*f**2 - 4*f - 10. Let y(c) = -9*d(c) - 2*g(c). Let l be ((-1092)/(-1456))/(6/64). What is y(l)?
-6
Let v(h) = -2*h**3 + 17*h**2 - 33 + 37 + h**3 + 4*h + 11. Give v(17).
83
Let h(u) = 3*u + 4. Let f = -154 - -158. Let g be f*7/(84/(-27)). What is h(g)?
-23
Let r = 28 - 14. Let t be 4/(-1*2*4/(-16)). Let k = t - r. Let j(x) = -x**2 - 6*x. Give j(k).
0
Let f = -844 + 918. Let k be (-22)/2 - (f - 77). Let n(g) = -g**2 - 8*g - 10. Calculate n(k).
-10
Let s(p) = 59*p - 528. Let d = 47800 + -47791. Calculate s(d).
3
Let r(j) = -j + 480*j**3 - 4*j**2 + 2*j**2 - 493*j**3. Suppose 5 = -5*w + 6*w. Suppose 4 = w*h + 9. Calculate r(h).
12
Let s(a) = a**3 + 4*a**2 - 2*a - 6. Let g be s(-4). Suppose -9*n - 2 = -g. Let w(t) = 3*t - 292*t**2 + 298*t**2 + n*t - 2*t. Give w(-1).
5
Let q(l) = -l**2 - l - 14. Suppose 0 = 4*z + g - 17, -7 = -3*z + 8*g - 3*g. Let i(x) = -2*x + 62. Let h be i(25). Suppose 0 = -h*k - 4 + z. Calculate q(k).
-14
Let n(z) = z**3 + 2*z**2 - 5*z + 1. Let a(y) = 2*y**3 + 3*y**2 - 19*y - 1. Let w(p) = a(p) - 3*n(p). Determine w(-2).
0
Let h(l) = 2*l**2 + 22 - 19*l - 16*l + 51*l - 19*l. Calculate h(3).
31
Let d(l) = 7*l**2 - 35*l + 5. Suppose -52*t - 58*t + 320 = -46*t. Give d(t).
5
Suppose 0 = 18*y - 72 - 144. Suppose y + 1 = -13*g. Let t(j) = -3*j. Give t(g).
3
Let b(r) = r**3 + 14*r**2 + 12*r - 11. Let p be b(-13). Let w(c) = 0 + 356*c**2 + 3*c + 2*c + p - 7*c - 364*c**2. Calculate w(2).
-34
Let h(u) = -97*u**2 - 90*u**2 + u**3 + 187*u**2 + u + 49. Calculate h(0).
49
Suppose 218*m = -82*m - 229 - 71. Let p(r) = 3*r - 8. Give p(m).
-11
Let f(z) = -z + 2. Suppose 0 = 11*d + 30 - 1306. Let a = d + -80. Suppose x - 7*x = -a. What is f(x)?
-4
Let o be (2/(-3))/(4 - 532/132). Let q(n) = -3*n**2 - o - 8*n**2 - 54*n + 83*n. Let h(f) = -4*f**2 + 10*f - 7. Let c(j) = 8*h(j) - 3*q(j). Determine c(7).
10
Let y(g) = g**3 - 12*g**2 + 18*g + 19. Let p = -905 + 915. What is y(p)?
-1
Let n be (3/(-2))/(54/(-180)). Let j(c) = -n - c**3 + 2 - 6794*c**2 + 6790*c**2. Let g be -6*(2 - (-4)/(-3)). What is j(g)?
-3
Let f(x) = -x**2 - 16*x + 10. Suppose 3*b + 78*o + 37 = 76*o, -o - 14 = b. Determine f(b).
73
Suppose -16*f + 147 + 845 = 0. Let m = f - 58. Let v(t) = t**2 - 7*t + 4. Determine v(m).
-8
Let v(b) = 4*b + 1. Let q(a) = -16*a - 19. Let r(g) = -q(g) - 3*v(g). Calculate r(8).
48
Let k(p) = 1373*p + 4. Let d be k(0). Let m(r) = -9*r + 33. What is m(d)?
-3
Let f(j) = 6*j + 106. Let d(a) = -3*a + 1. Let m(s) = -4*d(s) - f(s). Calculate m(26).
46
Let h(s) = -19*s**2 + 1. Suppose -t = -4*t + 5*w + 197, 3*w + 195 = 3*t. Let f = t - 67. Let c be (-6)/f - (-1 + 4). What is h(c)?
-18
Suppose -10*u + 26 = 6. Let o(n) = -9*n**2 - 10 